 h**3 + 5*h**2 + 2*h + 2. Let w(k) = 2*k + 3. Let p(y) = -6*y + 3*y - 14 + 13 + 2*y. Let r(g) = -8*p(g) - 3*w(g). Let o be r(-1). Determine u(o).
14
Let i(z) be the first derivative of -z**5/20 - z**4/2 - z**3/6 - 4*z**2 - 2*z - 11. Let k(g) be the first derivative of i(g). What is k(-6)?
-2
Let x(s) = -17*s**2 + 47*s - 17. Let g(h) = 5*h**2 - 15*h + 5. Let l(w) = -7*g(w) - 2*x(w). Suppose 32 = 2*y + 3*p, -5*y = -3*y - p - 16. Give l(y).
9
Suppose 0 = -u + 1, c = 5*u - 2*u - 1. Let w(r) = -c*r + 2 - 1 - 2. Calculate w(4).
-9
Let u(i) = -i**3 - 7*i**2 - 6*i - 2. Suppose f = 2*f - 7. Suppose -4*j + 8 = 0, 4*j - 21 + f = q. What is u(q)?
-2
Suppose 377 = -89*u - 68. Let q(p) = p**3 + 8*p**2 + 4*p + 5. What is q(u)?
60
Let r(s) = 29*s + 3. Suppose -32*k = -8*k - 48. Calculate r(k).
61
Suppose 0 = -l + 110 - 104. Suppose 8*p = 14*p + l. Let z(k) = 5*k + 1. What is z(p)?
-4
Let y(n) = -34*n - 376. Let s be y(-11). Let q(c) = c**2 + 3*c + 6. Give q(s).
4
Let x(r) = 10*r - 31. Let u(k) = -21*k + 74. Let t(d) = -6*u(d) - 13*x(d). What is t(-12)?
7
Suppose 9*p - 37 - 8 = 0. Suppose 0 = 4*g + y + 14, 3*g + p*y = 3 - 5. Let s(a) = -2*a**2 - 5*a + 4. Determine s(g).
-8
Let f(d) be the third derivative of -d**4/24 - d**3/6 - 2*d**2. Let v(g) = 20*g + 24. Let x(a) = 24*f(a) + v(a). What is x(2)?
-8
Suppose 8*p = -161 - 151. Let v = -36 - p. Suppose -v*u + 11 = -13. Let b(m) = m - 17. Determine b(u).
-9
Let o be -3 + -3 + (-51)/(-3). Let d = 12 - o. Let z(f) be the second derivative of -7*f**4/12 + f**3/3 - f**2/2 - 3*f. Determine z(d).
-6
Let k(u) = 9*u + 414*u**2 + 21 - 427*u**2 + 7*u - u**3. What is k(-14)?
-7
Let t(u) = 9*u + 1. Let p = -20 - -20. Suppose p = -4*g - g. Suppose -3*z + 2*x - 11 = g, 0 = z - 4*x + 23 - 6. Calculate t(z).
-8
Let h(j) be the second derivative of j**5/20 + j**4/6 - j**3/2 + j**2/2 + 12*j. Let l = -77 - -74. Give h(l).
1
Let k(v) = v**3 - v**2 - 4*v - 1. Let r(s) = -s**2 + 6*s - 7. Let n be r(3). Suppose -n*f - 3 = -3*f. What is k(f)?
5
Let x be 34/(-1)*(55/(-10) + 5). Suppose 5*q + 22 = x. Let a(c) = -7*c**3 + 2*c + 1. What is a(q)?
6
Let c(k) be the third derivative of -k**4/12 + k**3/2 + 91*k**2. Determine c(5).
-7
Let k(q) = -q**3 - 6*q - 4*q**2 - 2 + 2*q + 3. Suppose -6 = b - v, v + 26 = -5*b + 2*v. Let z(t) = t**2 + 5*t - 3. Let o be z(b). What is k(o)?
4
Let b(x) be the first derivative of x**4/4 + x**3/3 + 11*x - 1. Suppose -24 = -20*p - 24. Give b(p).
11
Suppose -f - 1 + 4 = 0. Let v be 15/f*2/(-5). Let b(q) = -3 - 11*q - 12*q + 16*q. Calculate b(v).
11
Let b(u) = 10*u**2 + 31*u - 14 + u**3 - 3*u - 21*u. Determine b(-9).
4
Let p(a) = a**3 + 18*a**2 + 58*a + 20. Let f be p(-14). Let m(b) = b**3 + 7*b**2 - 10*b - 6. Calculate m(f).
10
Let a(u) be the second derivative of -u**6/180 - u**5/120 - u**4/2 + 7*u. Let c(w) be the third derivative of a(w). Calculate c(3).
-13
Let v be (16/12)/(4/(-66)). Let t = -17 - v. Let p(y) be the first derivative of -y**2/2 + 11*y + 1. What is p(t)?
6
Let q(r) be the second derivative of -1/3*r**3 - 5*r**2 + 0 + r. Suppose -21*d = -19*d + 14. Calculate q(d).
4
Let y = 322 + -312. Let x(s) = -s**3 + 11*s**2 - 9*s - 6. Calculate x(y).
4
Let y(o) = -3 - 16*o**2 + 0*o + 7 - 13 + 6*o + o**3 + 10*o. Determine y(15).
6
Let y(z) = 7*z - 1. Suppose 2 = -9*a - 115. Let f(j) = 15*j - 2. Let i(x) = a*y(x) + 6*f(x). What is i(-3)?
4
Let v(s) be the second derivative of -s**3/6 - s**2/2 - 179*s. Determine v(4).
-5
Let p(t) = -18*t + 11*t + 3 + 0 + 10*t + 8*t. Calculate p(-2).
-19
Let p(h) = -4*h + 5. Suppose 5*c = -2*s + 40, 2*s - 39 + 11 = -2*c. What is p(s)?
-35
Let q(h) = -h**3 + 5*h**2 - 2*h - 6. Let o be q(2). Let i(f) = -2*f**3 + 4*f - 3. Calculate i(o).
-11
Let w = 48 + -28. Let t = w - 17. Let j(a) = 3*a**2 + t*a**2 + 9 - 5*a**2 - 2*a - 4*a. Give j(6).
9
Let f(o) = o**2 - 8*o + 6. Let u = 58 + -46. Let c be u/(-15)*30/(-4). What is f(c)?
-6
Let b = -9 + 5. Let d(r) be the second derivative of -5/2*r**2 + 1/3*r**3 - 8*r - 1/20*r**5 - 1/4*r**4 + 0. Calculate d(b).
3
Let j be 26*2*-1*13/26. Let t = j + 21. Let o(h) = h + 5. Determine o(t).
0
Let y(q) = -q**3 + 3*q**2 + 5*q + 3. Let n = -852 - -856. Determine y(n).
7
Let t(m) = m - 1. Let l be (5/(15/(-9)))/(16 - 13). What is t(l)?
-2
Let y(q) = -2*q**3 + 3*q**2 - 3*q + 2. Suppose 4*d - 6*d - 4 = 2*u, 0 = 2*u + 5*d + 16. Give y(u).
-8
Let n be (0/2)/(1 + 3). Suppose n = j - 10 + 9. Let p be (-1)/(3 - (3 - j)). Let w(d) = -8*d. What is w(p)?
8
Let q(g) = 2*g - 12. Let t = -394 - -401. Determine q(t).
2
Let j(x) = x + 4. Suppose -4*b = -k + 8, -3*b + 6*b = 3*k + 3. Let s be (b + (-20)/(-6))*-15. Give j(s).
-1
Suppose b + 12 = -2*b. Let q(n) = -10*n**3 - 2*n**2 + 12*n - 29. Let h(l) = 3*l**3 + l**2 - 4*l + 9. Let i(r) = 7*h(r) + 2*q(r). Determine i(b).
5
Let f(y) = -2*y**2 - 4*y + 11. Let i be (-2 - (-1 - 0)) + (-60)/30. Let a(x) = -5*x**2 - 13*x + 32. Let u(o) = i*a(o) + 8*f(o). What is u(6)?
-2
Let n(f) = f**3 - 3*f**2 + 32*f - 14. Let l(h) = -h**3 + 4*h**2 - 26*h + 13. Let j(o) = -4*l(o) - 3*n(o). Calculate j(6).
2
Let d(b) = 9*b**2 - 10*b + 13. Let h(y) = -4*y**2 + 5*y - 6. Let r(u) = -3*d(u) - 7*h(u). Determine r(4).
-1
Suppose -5*u = -0*k + 2*k + 6, -u - 2*k - 6 = 0. Let q(l) be the third derivative of -1/2*l**3 + 0 - 1/8*l**4 + u*l + 1/60*l**5 + 4*l**2. Calculate q(4).
1
Let w(u) = 7*u - u + 0*u**3 + 368*u**2 - 378*u**2 + u**3 - 7 + 7*u. Give w(9).
29
Let z(s) = 58 + 0*s**2 - 31 + 2*s**2 + 12*s - 4*s**2 - 34. Determine z(6).
-7
Let d(a) be the second derivative of 0 - 1/6*a**3 + 9*a + 11/2*a**2. Let l(b) = -b. Let h be l(-5). Give d(h).
6
Let k(c) = -2*c + 2. Let b(y) = -y + 1. Let s(d) = 13*b(d) - 6*k(d). Let j(x) = x + 2. Let u be j(0). Calculate s(u).
-1
Let c(w) = -3*w - 13. Let p be c(-5). Let a(b) = 2*b**2 - 3*b - b**p + b + 3 + 5*b. Give a(-4).
7
Let y(d) = -d**3 - d**2 + d + 1. Let u(h) = -5*h**2 - 2*h + 3. Let t(g) = -u(g) + y(g). Suppose -16 = -3*n - 1. Calculate t(n).
-12
Let z(u) be the second derivative of -u**5/20 - 2*u**4/3 + 2*u**3/3 + 25*u**2/2 + 804*u. What is z(-8)?
-7
Suppose 0 = 33*w - 41 - 91. Let y(c) = -c + 5. Calculate y(w).
1
Suppose 0 = -v - 0*v + 2*h + 6, 0 = -4*v + 3*h + 9. Let b(p) be the second derivative of -p**3/6 + 5*p**2 - p - 83. Determine b(v).
10
Let c be (1 - 0)*(-18 - (-29 - -9)). Let z(b) = -9*b + 16. Calculate z(c).
-2
Let m(p) = -2*p - 2. Suppose -5 = f - 2*f. Suppose 3*z + l = -3 - 3, -4*z + f*l + 11 = 0. Let x be m(z). Let h(d) = -d**2 + d - 11. Determine h(x).
-11
Let r(z) = z**2 - 5*z - 1. Suppose -2*k - 9 + 1 = 0, -m + 2*k = -8. Suppose 19 = -q - m. Let c = -15 - q. What is r(c)?
-5
Let w(c) be the second derivative of -12*c - 1/20*c**5 - 1/2*c**4 - 1/2*c**2 - c**3 + 0. Give w(-5).
4
Let z(c) = 4*c - 3*c - 3*c + 11 + 3*c. Suppose -q - b - 6 = 0, -4*q = b - 0*b + 27. Calculate z(q).
4
Let l be 15 + -17 - (-1 + 2). Let f be l*2/6*-2. Let x(d) = -2 + 2*d**3 - 485*d**2 + 4*d + 0 + 482*d**f. Calculate x(2).
10
Let a(m) = m**3 + 2*m**2 - 2*m - 2. Suppose -b = -6*b. Suppose -3*z - 2*h - 5 = b, z + 3*z + h + 5 = 0. Let g be a(z). Let w(i) = -16*i**3 - i. Give w(g).
-17
Let o(z) = -z + 68. Let g(k) = 22. Let j(c) = -7*g(c) + 2*o(c). Determine j(-13).
8
Let w(d) = d + 5. Let x(n) = -n - 5. Let i(g) = 4*w(g) + 5*x(g). Calculate i(-12).
7
Let i(o) be the third derivative of o**4/12 + 2*o**3/3 + 137*o**2. Give i(3).
10
Let w(k) = -2 - 6*k**2 + 5*k**2 - 4*k - 5*k + 13*k. What is w(2)?
2
Let y(n) = 2*n**2 + 5*n + 5. Suppose -16*r - 183 = 45*r. What is y(r)?
8
Let d(r) = 35*r + 25. Let t(x) = 11*x + 7. Let g(u) = 2*d(u) - 7*t(u). Determine g(-1).
8
Let t(v) be the second derivative of -v**3/2 - v. Suppose -4*j + 5*c - 8 - 24 = 0, 0 = 3*c. Let n = j - -11. What is t(n)?
-9
Let d be (0/(-5) - 4)*1 + -4. Let t(k) = -k**3 - 8*k**2 - k - 5. Determine t(d).
3
Let f(l) = -36 + 216*l - 213*l + 54. What is f(-5)?
3
Let p(q) = q**3 - 8*q**2 + 8*q. Let v = 46 + -55. Let l = v + 16. Give p(l).
7
Let t be (0/(-1))/(-22 + 20). Let w(i) = i**3 + i**2 - 38. Determine w(t).
-38
Let r(p) be the third derivative of -p**9/60480 + p**8/5040 - p**7/2520 - p**6/240 - p**5/6 + 11*p**2. Let w(a) be the third derivative of r(a). What is w(3)?
0
Let r(v) = v**2 - 7*v + 2. Let n = 139 - 136. Suppose y + 0*p - n = -p, 30 = 3*y - 4*p. Calc